{"id":10544,"date":"2024-06-12T12:35:54","date_gmt":"2024-06-12T11:35:54","guid":{"rendered":"https:\/\/effe.ch\/?post_type=avada_portfolio&#038;p=10544"},"modified":"2025-01-13T14:00:30","modified_gmt":"2025-01-13T13:00:30","slug":"coaching-mm","status":"publish","type":"avada_portfolio","link":"https:\/\/effe.ch\/de\/weiterbildung\/coaching-mm\/","title":{"rendered":"Coaching mit der Methode Marte Meo"},"content":{"rendered":"<p><div class=\"fusion-fullwidth fullwidth-box fusion-builder-row-1 nonhundred-percent-fullwidth non-hundred-percent-height-scrolling fusion-equal-height-columns\" style=\"--awb-background-position:left top;--awb-border-sizes-top:0px;--awb-border-sizes-bottom:0px;--awb-border-sizes-left:0px;--awb-border-sizes-right:0px;--awb-border-radius-top-left:0px;--awb-border-radius-top-right:0px;--awb-border-radius-bottom-right:0px;--awb-border-radius-bottom-left:0px;--awb-padding-top:20px;--awb-padding-bottom:20px;--awb-flex-wrap:wrap;\" ><div class=\"fusion-builder-row fusion-row\"><div class=\"fusion-layout-column fusion_builder_column fusion-builder-column-0 fusion_builder_column_2_5 2_5 fusion-two-fifth fusion-column-first\" style=\"--awb-bg-size:cover;width:37.6%; margin-right: 4%;\"><div class=\"fusion-column-wrapper fusion-flex-column-wrapper-legacy\"><div class=\"fusion-column-content-centered\"><div class=\"fusion-column-content\"><div class=\"fusion-image-element in-legacy-container\" style=\"--awb-caption-title-font-family:var(--h2_typography-font-family);--awb-caption-title-font-weight:var(--h2_typography-font-weight);--awb-caption-title-font-style:var(--h2_typography-font-style);--awb-caption-title-size:var(--h2_typography-font-size);--awb-caption-title-transform:var(--h2_typography-text-transform);--awb-caption-title-line-height:var(--h2_typography-line-height);--awb-caption-title-letter-spacing:var(--h2_typography-letter-spacing);\"><span class=\" fusion-imageframe imageframe-none imageframe-1 hover-type-zoomin\"><a href=\"https:\/\/effe.ch\/wp-content\/uploads\/2020\/04\/fd5798b7-d5c6-7b41-42e8-a81a7f874f3c-e1736430072481.jpg\" class=\"fusion-lightbox\" data-rel=\"iLightbox[4e07ff087c5b769304c]\" data-title=\"marte meo\" title=\"marte meo\"><img decoding=\"async\" width=\"1200\" height=\"890\" src=\"https:\/\/effe.ch\/wp-content\/uploads\/2020\/04\/fd5798b7-d5c6-7b41-42e8-a81a7f874f3c-e1736430072481.jpg\" alt class=\"img-responsive wp-image-10567\"\/><\/a><\/span><\/div><\/div><\/div><div class=\"fusion-clearfix\"><\/div><\/div><\/div><div class=\"fusion-layout-column fusion_builder_column fusion-builder-column-1 fusion_builder_column_3_5 3_5 fusion-three-fifth fusion-column-last\" style=\"--awb-padding-top:20px;--awb-padding-right:50px;--awb-padding-bottom:20px;--awb-padding-left:50px;--awb-bg-color:#ffffff;--awb-bg-color-hover:#ffffff;--awb-bg-size:cover;width:58.4%;\"><div class=\"fusion-column-wrapper fusion-flex-column-wrapper-legacy\"><div class=\"fusion-column-content-centered\"><div class=\"fusion-column-content\"><div class=\"fusion-title title fusion-title-1 fusion-title-text fusion-title-size-three\" style=\"--awb-text-color:var(--awb-color6);\"><h3 class=\"fusion-title-heading title-heading-left\" style=\"margin:0;\">Coaching mit \u00abMarte Meo\u00bb zum Umgang mit herausfordernden Situationen mit Kindern<\/h3><span class=\"awb-title-spacer\"><\/span><div class=\"title-sep-container\"><div class=\"title-sep sep-single sep-solid\" style=\"border-color:#e0dede;\"><\/div><\/div><\/div><div class=\"fusion-text fusion-text-1\"><p>Marte Meo bedeutet \u00abaus eigener Kraft\u00bb und ist eine Methode, welche Interaktion und Kommunikation unterst\u00fctzt. Sie eignet sich im Umgang mit herausfordernden Situationen, um den Kontakt und die Interaktion mit dem Kind zu st\u00e4rken.<\/p>\n<\/div><\/div><\/div><div class=\"fusion-clearfix\"><\/div><\/div><\/div><\/div><\/div><div class=\"fusion-fullwidth fullwidth-box fusion-builder-row-2 hundred-percent-fullwidth non-hundred-percent-height-scrolling\" style=\"--awb-border-radius-top-left:0px;--awb-border-radius-top-right:0px;--awb-border-radius-bottom-right:0px;--awb-border-radius-bottom-left:0px;--awb-overflow:visible;--awb-flex-wrap:wrap;\" ><div class=\"fusion-builder-row fusion-row\"><div class=\"fusion-layout-column fusion_builder_column fusion-builder-column-2 fusion_builder_column_2_5 2_5 fusion-two-fifth fusion-column-first\" style=\"--awb-bg-size:cover;width:37.6%; margin-right: 4%;\"><div class=\"fusion-column-wrapper fusion-flex-column-wrapper-legacy\"><div class=\"fusion-text fusion-text-2\"><p style=\"font-weight: 400;\"><strong>Dauer<\/strong><\/p>\n<p style=\"font-weight: 400;\">Bei einem ersten Treffen werden Rahmen und Ziele gemeinsam festgelegt.<br \/>\nDie Treffen finden in der Institution, den R\u00e4umen von effe oder nach Vereinbarung statt<\/p>\n<p style=\"font-weight: 400;\"><strong>Coach<\/strong><\/p>\n<p style=\"font-weight: 400;\">Sabine Schnell, Erwachsenenbildnerin, P\u00e4dagogin mit langj\u00e4hriger Erfahrung, Marte Meo zertifiziert<\/p>\n<p style=\"font-weight: 400;\"><strong>Preise<\/strong><\/p>\n<ul>\n<li>CHF 160.- pro Stunde f\u00fcr Privatpersonen<\/li>\n<li>CHF 220.- pro Stunde f\u00fcr Einzelpersonen\/Kleingruppen (Preis f\u00fcr Institutionen, Firmen, RAV)<\/li>\n<li>Reduktionen auf Anfrage m\u00f6glich: 032 322 66 02<\/li>\n<\/ul>\n<\/div><div class=\"fusion-text fusion-text-3\"><p>Nehmen Sie Kontakt mit uns auf, <a href=\"\/de\/kontakt\">um einen Termin zu finden<\/a>!<\/p>\n<\/div><div class=\"fusion-clearfix\"><\/div><\/div><\/div><div class=\"fusion-layout-column fusion_builder_column fusion-builder-column-3 fusion_builder_column_3_5 3_5 fusion-three-fifth fusion-column-last\" style=\"--awb-bg-size:cover;width:58.4%;\"><div class=\"fusion-column-wrapper fusion-flex-column-wrapper-legacy\"><div class=\"fusion-title title fusion-title-2 fusion-title-text fusion-title-size-three\"><h3 class=\"fusion-title-heading title-heading-left\" style=\"margin:0;\">Ein Angebot f\u00fcr Mitarbeitende von KiTas, Spielgruppen und f\u00fcr Eltern<\/h3><span class=\"awb-title-spacer\"><\/span><div class=\"title-sep-container\"><div class=\"title-sep sep-single sep-solid\" style=\"border-color:#e0dede;\"><\/div><\/div><\/div><div class=\"fusion-text fusion-text-4\"><ul>\n<li>\n<p style=\"font-weight: 400;\">Situationen im Arbeitsalltag werden videounterst\u00fctzt analysiert und besprochen. Der Fokus liegt dabei auf der Qualit\u00e4t der Interaktion. Um eine positive Entwicklung zu unterst\u00fctzen, werden einzelne Sequenzen ausgew\u00e4hlt und im Hinblick auf die Ziele besprochen. So kann eine unterst\u00fctzende Kommunikation mit den Kindern gef\u00f6rdert werden.<\/p>\n<\/li>\n<\/ul>\n<\/div><div class=\"fusion-title title fusion-title-3 fusion-title-text fusion-title-size-three\" style=\"--awb-margin-top:40px;--awb-margin-bottom:20px;\"><h3 class=\"fusion-title-heading title-heading-left\" style=\"margin:0;\">Ziele<\/h3><span class=\"awb-title-spacer\"><\/span><div class=\"title-sep-container\"><div class=\"title-sep sep-single sep-solid\" style=\"border-color:#e0dede;\"><\/div><\/div><\/div><div class=\"fusion-text fusion-text-5\"><ul>\n<li>Verstehen, was passiert in der Interaktion<\/li>\n<li>Benennen der Handlungsm\u00f6glichkeiten<\/li>\n<li>Mobilisieren der eigenen Ressourcen<\/li>\n<li>Finden und Umsetzen eigener L\u00f6sungen<\/li>\n<\/ul>\n<\/div><div class=\"fusion-clearfix\"><\/div><\/div><\/div><\/div><\/div><\/p>\n","protected":false},"excerpt":{"rendered":"","protected":false},"author":3,"featured_media":10567,"menu_order":4,"template":"","format":"standard","meta":{"inline_featured_image":false,"footnotes":""},"portfolio_category":[32,40],"portfolio_skills":[],"portfolio_tags":[],"class_list":["post-10544","avada_portfolio","type-avada_portfolio","status-publish","format-standard","has-post-thumbnail","hentry","portfolio_category-coaching-und-begleitung","portfolio_category-weiterbildung"],"_links":{"self":[{"href":"https:\/\/effe.ch\/de\/wp-json\/wp\/v2\/avada_portfolio\/10544","targetHints":{"allow":["GET"]}}],"collection":[{"href":"https:\/\/effe.ch\/de\/wp-json\/wp\/v2\/avada_portfolio"}],"about":[{"href":"https:\/\/effe.ch\/de\/wp-json\/wp\/v2\/types\/avada_portfolio"}],"author":[{"embeddable":true,"href":"https:\/\/effe.ch\/de\/wp-json\/wp\/v2\/users\/3"}],"version-history":[{"count":10,"href":"https:\/\/effe.ch\/de\/wp-json\/wp\/v2\/avada_portfolio\/10544\/revisions"}],"predecessor-version":[{"id":11386,"href":"https:\/\/effe.ch\/de\/wp-json\/wp\/v2\/avada_portfolio\/10544\/revisions\/11386"}],"wp:featuredmedia":[{"embeddable":true,"href":"https:\/\/effe.ch\/de\/wp-json\/wp\/v2\/media\/10567"}],"wp:attachment":[{"href":"https:\/\/effe.ch\/de\/wp-json\/wp\/v2\/media?parent=10544"}],"wp:term":[{"taxonomy":"portfolio_category","embeddable":true,"href":"https:\/\/effe.ch\/de\/wp-json\/wp\/v2\/portfolio_category?post=10544"},{"taxonomy":"portfolio_skills","embeddable":true,"href":"https:\/\/effe.ch\/de\/wp-json\/wp\/v2\/portfolio_skills?post=10544"},{"taxonomy":"portfolio_tags","embeddable":true,"href":"https:\/\/effe.ch\/de\/wp-json\/wp\/v2\/portfolio_tags?post=10544"}],"curies":[{"name":"wp","href":"https:\/\/api.w.org\/{rel}","templated":true}]}}

<p><div class="fusion-fullwidth fullwidth-box fusion-builder-row-1 nonhundred-percent-fullwidth non-hundred-percent-height-scrolling fusion-equal-height-columns" style="--awb-background-position:left top;--awb-border-sizes-top:0px;--awb-border-sizes-bottom:0px;--awb-border-sizes-left:0px;--awb-border-sizes-right:0px;--awb-border-radius-top-left:0px;--awb-border-radius-top-right:0px;--awb-border-radius-bottom-right:0px;--awb-border-radius-bottom-left:0px;--awb-padding-top:20px;--awb-padding-bottom:20px;--awb-flex-wrap:wrap;" ><div class="fusion-builder-row fusion-row"><div class="fusion-layout-column fusion_builder_column fusion-builder-column-0 fusion_builder_column_2_5 2_5 fusion-two-fifth fusion-column-first" style="--awb-bg-size:cover;width:37.6%; margin-right: 4%;"><div class="fusion-column-wrapper fusion-flex-column-wrapper-legacy"><div class="fusion-column-content-centered"><div class="fusion-column-content"><div class="fusion-image-element in-legacy-container" style="--awb-caption-title-font-family:var(--h2_typography-font-family);--awb-caption-title-font-weight:var(--h2_typography-font-weight);--awb-caption-title-font-style:var(--h2_typography-font-style);--awb-caption-title-size:var(--h2_typography-font-size);--awb-caption-title-transform:var(--h2_typography-text-transform);--awb-caption-title-line-height:var(--h2_typography-line-height);--awb-caption-title-letter-spacing:var(--h2_typography-letter-spacing);"><span class=" fusion-imageframe imageframe-none imageframe-1 hover-type-zoomin"><a href="https://effe.ch/wp-content/uploads/2020/04/fd5798b7-d5c6-7b41-42e8-a81a7f874f3c-e1736430072481.jpg" class="fusion-lightbox" data-rel="iLightbox[4e07ff087c5b769304c]" data-title="marte meo" title="marte meo"><img decoding="async" width="1200" height="890" src="https://effe.ch/wp-content/uploads/2020/04/fd5798b7-d5c6-7b41-42e8-a81a7f874f3c-e1736430072481.jpg" alt class="img-responsive wp-image-10567"/></a></span></div></div></div><div class="fusion-clearfix"></div></div></div><div class="fusion-layout-column fusion_builder_column fusion-builder-column-1 fusion_builder_column_3_5 3_5 fusion-three-fifth fusion-column-last" style="--awb-padding-top:20px;--awb-padding-right:50px;--awb-padding-bottom:20px;--awb-padding-left:50px;--awb-bg-color:#ffffff;--awb-bg-color-hover:#ffffff;--awb-bg-size:cover;width:58.4%;"><div class="fusion-column-wrapper fusion-flex-column-wrapper-legacy"><div class="fusion-column-content-centered"><div class="fusion-column-content"><div class="fusion-title title fusion-title-1 fusion-title-text fusion-title-size-three" style="--awb-text-color:var(--awb-color6);"><h3 class="fusion-title-heading title-heading-left" style="margin:0;">Coaching mit «Marte Meo» zum Umgang mit herausfordernden Situationen mit Kindern</h3><span class="awb-title-spacer"></span><div class="title-sep-container"><div class="title-sep sep-single sep-solid" style="border-color:#e0dede;"></div></div></div><div class="fusion-text fusion-text-1"><p>Marte Meo bedeutet «aus eigener Kraft» und ist eine Methode, welche Interaktion und Kommunikation unterstützt. Sie eignet sich im Umgang mit herausfordernden Situationen, um den Kontakt und die Interaktion mit dem Kind zu stärken.</p>
</div></div></div><div class="fusion-clearfix"></div></div></div></div></div><div class="fusion-fullwidth fullwidth-box fusion-builder-row-2 hundred-percent-fullwidth non-hundred-percent-height-scrolling" style="--awb-border-radius-top-left:0px;--awb-border-radius-top-right:0px;--awb-border-radius-bottom-right:0px;--awb-border-radius-bottom-left:0px;--awb-overflow:visible;--awb-flex-wrap:wrap;" ><div class="fusion-builder-row fusion-row"><div class="fusion-layout-column fusion_builder_column fusion-builder-column-2 fusion_builder_column_2_5 2_5 fusion-two-fifth fusion-column-first" style="--awb-bg-size:cover;width:37.6%; margin-right: 4%;"><div class="fusion-column-wrapper fusion-flex-column-wrapper-legacy"><div class="fusion-text fusion-text-2"><p style="font-weight: 400;"><strong>Dauer</strong></p>
<p style="font-weight: 400;">Bei einem ersten Treffen werden Rahmen und Ziele gemeinsam festgelegt.<br />
Die Treffen finden in der Institution, den Räumen von effe oder nach Vereinbarung statt</p>
<p style="font-weight: 400;"><strong>Coach</strong></p>
<p style="font-weight: 400;">Sabine Schnell, Erwachsenenbildnerin, Pädagogin mit langjähriger Erfahrung, Marte Meo zertifiziert</p>
<p style="font-weight: 400;"><strong>Preise</strong></p>
<ul>
<li>CHF 160.- pro Stunde für Privatpersonen</li>
<li>CHF 220.- pro Stunde für Einzelpersonen/Kleingruppen (Preis für Institutionen, Firmen, RAV)</li>
<li>Reduktionen auf Anfrage möglich: 032 322 66 02</li>
</ul>
</div><div class="fusion-text fusion-text-3"><p>Nehmen Sie Kontakt mit uns auf, <a href="/de/kontakt">um einen Termin zu finden</a>!</p>
</div><div class="fusion-clearfix"></div></div></div><div class="fusion-layout-column fusion_builder_column fusion-builder-column-3 fusion_builder_column_3_5 3_5 fusion-three-fifth fusion-column-last" style="--awb-bg-size:cover;width:58.4%;"><div class="fusion-column-wrapper fusion-flex-column-wrapper-legacy"><div class="fusion-title title fusion-title-2 fusion-title-text fusion-title-size-three"><h3 class="fusion-title-heading title-heading-left" style="margin:0;">Ein Angebot für Mitarbeitende von KiTas, Spielgruppen und für Eltern</h3><span class="awb-title-spacer"></span><div class="title-sep-container"><div class="title-sep sep-single sep-solid" style="border-color:#e0dede;"></div></div></div><div class="fusion-text fusion-text-4"><ul>
<li>
<p style="font-weight: 400;">Situationen im Arbeitsalltag werden videounterstützt analysiert und besprochen. Der Fokus liegt dabei auf der Qualität der Interaktion. Um eine positive Entwicklung zu unterstützen, werden einzelne Sequenzen ausgewählt und im Hinblick auf die Ziele besprochen. So kann eine unterstützende Kommunikation mit den Kindern gefördert werden.</p>
</li>
</ul>
</div><div class="fusion-title title fusion-title-3 fusion-title-text fusion-title-size-three" style="--awb-margin-top:40px;--awb-margin-bottom:20px;"><h3 class="fusion-title-heading title-heading-left" style="margin:0;">Ziele</h3><span class="awb-title-spacer"></span><div class="title-sep-container"><div class="title-sep sep-single sep-solid" style="border-color:#e0dede;"></div></div></div><div class="fusion-text fusion-text-5"><ul>
<li>Verstehen, was passiert in der Interaktion</li>
<li>Benennen der Handlungsmöglichkeiten</li>
<li>Mobilisieren der eigenen Ressourcen</li>
<li>Finden und Umsetzen eigener Lösungen</li>
</ul>
</div><div class="fusion-clearfix"></div></div></div></div></div></p>
