{"id":1132,"date":"2023-04-28T14:27:29","date_gmt":"2023-04-28T13:27:29","guid":{"rendered":"https:\/\/dev.effe.ch\/de\/?post_type=avada_portfolio&#038;p=1132"},"modified":"2025-12-01T12:05:45","modified_gmt":"2025-12-01T11:05:45","slug":"femmestisches","status":"publish","type":"avada_portfolio","link":"https:\/\/effe.ch\/de\/weiterbildung\/femmestisches\/","title":{"rendered":"Femmes-Tische \/ M\u00e4nner-Tische"},"content":{"rendered":"<p><div class=\"fusion-fullwidth fullwidth-box fusion-builder-row-1 nonhundred-percent-fullwidth non-hundred-percent-height-scrolling fusion-equal-height-columns\" style=\"--awb-background-position:left top;--awb-border-sizes-top:0px;--awb-border-sizes-bottom:0px;--awb-border-sizes-left:0px;--awb-border-sizes-right:0px;--awb-border-radius-top-left:0px;--awb-border-radius-top-right:0px;--awb-border-radius-bottom-right:0px;--awb-border-radius-bottom-left:0px;--awb-padding-top:20px;--awb-padding-bottom:20px;--awb-flex-wrap:wrap;\" ><div class=\"fusion-builder-row fusion-row\"><div class=\"fusion-layout-column fusion_builder_column fusion-builder-column-0 fusion_builder_column_2_5 2_5 fusion-two-fifth fusion-column-first\" style=\"--awb-bg-size:cover;width:37.6%; margin-right: 4%;\"><div class=\"fusion-column-wrapper fusion-flex-column-wrapper-legacy\"><div class=\"fusion-column-content-centered\"><div class=\"fusion-column-content\"><div class=\"fusion-image-element in-legacy-container\" style=\"--awb-caption-title-font-family:var(--h2_typography-font-family);--awb-caption-title-font-weight:var(--h2_typography-font-weight);--awb-caption-title-font-style:var(--h2_typography-font-style);--awb-caption-title-size:var(--h2_typography-font-size);--awb-caption-title-transform:var(--h2_typography-text-transform);--awb-caption-title-line-height:var(--h2_typography-line-height);--awb-caption-title-letter-spacing:var(--h2_typography-letter-spacing);\"><span class=\" fusion-imageframe imageframe-none imageframe-1 hover-type-zoomin\"><a href=\"https:\/\/effe.ch\/wp-content\/uploads\/2016\/04\/Femmes-Tische.jpg\" class=\"fusion-lightbox\" data-rel=\"iLightbox[7e726d6ca70e061efa3]\" data-title=\"Femmes-Tische\" title=\"Femmes-Tische\"><img decoding=\"async\" width=\"600\" height=\"385\" alt=\"Bild: Jeanne Chevalier\" src=\"https:\/\/effe.ch\/wp-content\/uploads\/2016\/04\/Femmes-Tische.jpg\" class=\"img-responsive wp-image-1562\" srcset=\"https:\/\/effe.ch\/wp-content\/uploads\/2016\/04\/Femmes-Tische-200x128.jpg 200w, https:\/\/effe.ch\/wp-content\/uploads\/2016\/04\/Femmes-Tische-400x257.jpg 400w, https:\/\/effe.ch\/wp-content\/uploads\/2016\/04\/Femmes-Tische.jpg 600w\" sizes=\"(max-width: 800px) 100vw, 600px\" \/><\/a><\/span><\/div><\/div><\/div><div class=\"fusion-clearfix\"><\/div><\/div><\/div><div class=\"fusion-layout-column fusion_builder_column fusion-builder-column-1 fusion_builder_column_3_5 3_5 fusion-three-fifth fusion-column-last\" style=\"--awb-padding-top:20px;--awb-padding-right:50px;--awb-padding-bottom:20px;--awb-padding-left:50px;--awb-bg-color:#ffffff;--awb-bg-color-hover:#ffffff;--awb-bg-size:cover;width:58.4%;\"><div class=\"fusion-column-wrapper fusion-flex-column-wrapper-legacy\"><div class=\"fusion-column-content-centered\"><div class=\"fusion-column-content\"><div class=\"fusion-title title fusion-title-1 fusion-title-text fusion-title-size-three\"><h3 class=\"fusion-title-heading title-heading-left\" style=\"margin:0;\"><span class=\"hideportfolio\">Femmes-Tische \/ M\u00e4nner-Tische<\/span><\/h3><span class=\"awb-title-spacer\"><\/span><div class=\"title-sep-container\"><div class=\"title-sep sep-single sep-solid\" style=\"border-color:#e0dede;\"><\/div><\/div><\/div><div class=\"fusion-text fusion-text-1\"><p>Ein Pr\u00e4ventions- und Gesundheitsf\u00f6rderungsprogramm mit dem Ziel, Personen mit Migrationserfahrung in Biel und Nidau bei ihrer Integration zu unterst\u00fctzen. <em>effe<\/em> bietet Femmes-Tische seit 2006 und M\u00e4nner-Tische seit 2020.<\/p>\n<\/div><\/div><\/div><div class=\"fusion-clearfix\"><\/div><\/div><\/div><\/div><\/div><div class=\"fusion-fullwidth fullwidth-box fusion-builder-row-2 hundred-percent-fullwidth non-hundred-percent-height-scrolling\" style=\"--awb-border-radius-top-left:0px;--awb-border-radius-top-right:0px;--awb-border-radius-bottom-right:0px;--awb-border-radius-bottom-left:0px;--awb-overflow:visible;--awb-flex-wrap:wrap;\" ><div class=\"fusion-builder-row fusion-row\"><div class=\"fusion-layout-column fusion_builder_column fusion-builder-column-2 fusion_builder_column_1_2 1_2 fusion-one-half fusion-column-first fusion-column-no-min-height\" style=\"--awb-bg-size:cover;--awb-margin-bottom:0px;width:48%; margin-right: 4%;\"><div class=\"fusion-column-wrapper fusion-flex-column-wrapper-legacy\"><div class=\"fusion-title title fusion-title-2 fusion-title-text fusion-title-size-three\"><h3 class=\"fusion-title-heading title-heading-left\" style=\"margin:0;\">Ziele<\/h3><span class=\"awb-title-spacer\"><\/span><div class=\"title-sep-container\"><div class=\"title-sep sep-single sep-solid\" style=\"border-color:#e0dede;\"><\/div><\/div><\/div><div class=\"fusion-text fusion-text-2\"><ul>\n<li>Femmes-Tische\/M\u00e4nner-Tische tr\u00e4gt entscheidend zum Empowerment und zur Integration der MigrantInnen und ihrer Familien in Biel bei.<\/li>\n<li>Das Angebot vermittelt den teilnehmenden Personen praktisches Wissen zu Gesundheits- und Erziehungsthemen und f\u00f6rdert so das Verst\u00e4ndnis und die Bew\u00e4ltigung des (Familien-) Alltags.<\/li>\n<li>Zus\u00e4tzlich zur Diskussion der Themen werden die Personen \u00fcber die bestehenden Angebote, z.B. f\u00fcr Familien und Kinder (M\u00fctter- und V\u00e4terberatung, Beratung auf der Berufsinformationsstelle, Famiplus, Sprachkurse, &#8230;) informiert und ermutigt, diese Regelstrukturen zu nutzen.<\/li>\n<\/ul>\n<\/div><div class=\"fusion-title title fusion-title-3 fusion-title-text fusion-title-size-three\"><h3 class=\"fusion-title-heading title-heading-left\" style=\"margin:0;\">Sprachen<\/h3><span class=\"awb-title-spacer\"><\/span><div class=\"title-sep-container\"><div class=\"title-sep sep-single sep-solid\" style=\"border-color:#e0dede;\"><\/div><\/div><\/div><div class=\"fusion-text fusion-text-3\"><p>Amharisch, Arabisch,\u00a0 Deutsch, Englisch, Franz\u00f6sisch, Kaby\u00e8, Persisch (Dari, Farsi), Portugiesisch, Spanisch, Tamilisch, Tigrinja, Tigre, T\u00fcrkisch, etc.<\/p>\n<\/div><div class=\"fusion-title title fusion-title-4 fusion-title-text fusion-title-size-three\"><h3 class=\"fusion-title-heading title-heading-left\" style=\"margin:0;\">Themen<\/h3><span class=\"awb-title-spacer\"><\/span><div class=\"title-sep-container\"><div class=\"title-sep sep-single sep-solid\" style=\"border-color:#e0dede;\"><\/div><\/div><\/div><div class=\"fusion-text fusion-text-4\"><p>Verschiedene Themen im Bereit Fr\u00fchf\u00f6rderung und Erziehung, Gesundheit und Alltag in der Schweiz.<\/p>\n<\/div><div class=\"fusion-title title fusion-title-5 fusion-title-text fusion-title-size-three\"><h3 class=\"fusion-title-heading title-heading-left\" style=\"margin:0;\">Artikel in der Presse<\/h3><span class=\"awb-title-spacer\"><\/span><div class=\"title-sep-container\"><div class=\"title-sep sep-single sep-solid\" style=\"border-color:#e0dede;\"><\/div><\/div><\/div><div class=\"fusion-text fusion-text-5\"><p><a href=\"https:\/\/effe.ch\/wp-content\/uploads\/2016\/03\/artikel_ft_sofia_bieler_tagblatt_montag-12.07.2021.pdf\" target=\"_blank\" rel=\"noopener\">\u00ab\u00a0Die M\u00e4nner wollen sich austauschen\u00a0\u00bb<\/a>, Bieler Tagblatt, 12.07.2021<br \/>\n<a href=\"https:\/\/effe.ch\/wp-content\/uploads\/2016\/03\/bt_2021-03-10_m%C3%A4nner-tische.pdf\" target=\"_blank\" rel=\"noopener\">\u00ab\u00a0Ich willf\u00fcr andere Eritreerinnen ein Vorbild sein\u00a0\u00bb<\/a>, Bieler Tagblatt, 10.03.2021<\/p>\n<\/div><div class=\"fusion-clearfix\"><\/div><\/div><\/div><div class=\"fusion-layout-column fusion_builder_column fusion-builder-column-3 fusion_builder_column_1_2 1_2 fusion-one-half fusion-column-last fusion-column-no-min-height\" style=\"--awb-bg-size:cover;--awb-margin-bottom:0px;width:48%;\"><div class=\"fusion-column-wrapper fusion-flex-column-wrapper-legacy\"><div class=\"fusion-title title fusion-title-6 fusion-title-text fusion-title-size-three\"><h3 class=\"fusion-title-heading title-heading-left\" style=\"margin:0;\">Weiterf\u00fchrende Informationen:<\/h3><span class=\"awb-title-spacer\"><\/span><div class=\"title-sep-container\"><div class=\"title-sep sep-single sep-solid\" style=\"border-color:#e0dede;\"><\/div><\/div><\/div><div class=\"fusion-text fusion-text-6\"><h3>Kontakt<\/h3>\n<p>Kennen Sie eine Person, die dieses Angebot nutzen m\u00f6chte? Bitte schicken Sie Name, gesprochene Sprache(n) und Telefonnummer dieser Person.<br \/>\nEine gleichsprachige Moderatorin\/Moderator wird in der Folge Kontakt mit der Person aufnehmen.<\/p>\n<\/div><div class=\"fusion-text fusion-text-7\"><h3>Projektverantwortliche<\/h3>\n<p>Manuela He\u00e9<br \/>\n<a href=\"mailto:manuela.hee@effe.ch\">Mail<\/a><br \/>\n032 322 66 02 oder\u00a0076 289 43 39 (nur WhatsApp)<\/p>\n<p>Femmes-Tische wird unterst\u00fctzt vom Kanton Bern, der Stadt Biel, der Gemeinde Nidau, von der Burgergemeinde Bern sowie von privaten Geldgebern.<\/p>\n<\/div><div class=\"fusion-image-element in-legacy-container\" style=\"--awb-caption-title-font-family:var(--h2_typography-font-family);--awb-caption-title-font-weight:var(--h2_typography-font-weight);--awb-caption-title-font-style:var(--h2_typography-font-style);--awb-caption-title-size:var(--h2_typography-font-size);--awb-caption-title-transform:var(--h2_typography-text-transform);--awb-caption-title-line-height:var(--h2_typography-line-height);--awb-caption-title-letter-spacing:var(--h2_typography-letter-spacing);\"><span class=\" fusion-imageframe imageframe-none imageframe-2 hover-type-none\"><img decoding=\"async\" width=\"150\" height=\"56\" title=\"BGB_Logo_Screen_S\" src=\"https:\/\/effe.ch\/wp-content\/uploads\/2023\/04\/BGB_Logo_Screen_S-pdf-150x56.jpg\" alt class=\"img-responsive wp-image-12348\"\/><\/span><\/div><div class=\"fusion-sep-clear\"><\/div><div class=\"fusion-separator fusion-full-width-sep\" style=\"margin-left: auto;margin-right: auto;margin-bottom:20px;width:100%;\"><div class=\"fusion-separator-border sep-single\" style=\"--awb-height:20px;--awb-amount:20px;border-color:#e0dede;border-top-width:1px;\"><\/div><\/div><div class=\"fusion-sep-clear\"><\/div><div class=\"fusion-title title fusion-title-7 fusion-title-text fusion-title-size-three\"><h3 class=\"fusion-title-heading title-heading-left\" style=\"margin:0;\"><p>Wir suchen neue Moderierende f\u00fcr Femmes-Tische \/ M\u00e4nnertische!<br \/>\n<a href=\"https:\/\/effe.ch\/wp-content\/uploads\/2016\/04\/23_Suche_Mod_f_m_dt_frz-copie.pdf\">23_Flyer<\/a><\/p><\/h3><span class=\"awb-title-spacer\"><\/span><div class=\"title-sep-container\"><div class=\"title-sep sep-single sep-solid\" style=\"border-color:#e0dede;\"><\/div><\/div><\/div><div class=\"fusion-text fusion-text-8\"><p>Link zu <a href=\"http:\/\/femmestische.ch\/\">Femmes-Tische Schweiz<\/a><\/p>\n<\/div><div class=\"fusion-video fusion-youtube\" style=\"--awb-max-width:600px;--awb-max-height:350px;\"><div class=\"video-shortcode\"><div class=\"fluid-width-video-wrapper\" style=\"padding-top:58.33%;\" ><iframe title=\"YouTube video player 1\" src=\"https:\/\/www.youtube.com\/embed\/XoZBEMpDPOg?wmode=transparent&autoplay=0\" width=\"600\" height=\"350\" allowfullscreen allow=\"autoplay; fullscreen\"><\/iframe><\/div><\/div><\/div><div class=\"fusion-clearfix\"><\/div><\/div><\/div><\/div><\/div><\/p>\n","protected":false},"excerpt":{"rendered":"","protected":false},"author":1,"featured_media":1562,"menu_order":11,"template":"","format":"standard","meta":{"inline_featured_image":false,"footnotes":""},"portfolio_category":[69,29],"portfolio_skills":[],"portfolio_tags":[],"class_list":["post-1132","avada_portfolio","type-avada_portfolio","status-publish","format-standard","has-post-thumbnail","hentry","portfolio_category-home","portfolio_category-projekte"],"_links":{"self":[{"href":"https:\/\/effe.ch\/de\/wp-json\/wp\/v2\/avada_portfolio\/1132","targetHints":{"allow":["GET"]}}],"collection":[{"href":"https:\/\/effe.ch\/de\/wp-json\/wp\/v2\/avada_portfolio"}],"about":[{"href":"https:\/\/effe.ch\/de\/wp-json\/wp\/v2\/types\/avada_portfolio"}],"author":[{"embeddable":true,"href":"https:\/\/effe.ch\/de\/wp-json\/wp\/v2\/users\/1"}],"version-history":[{"count":10,"href":"https:\/\/effe.ch\/de\/wp-json\/wp\/v2\/avada_portfolio\/1132\/revisions"}],"predecessor-version":[{"id":12363,"href":"https:\/\/effe.ch\/de\/wp-json\/wp\/v2\/avada_portfolio\/1132\/revisions\/12363"}],"wp:featuredmedia":[{"embeddable":true,"href":"https:\/\/effe.ch\/de\/wp-json\/wp\/v2\/media\/1562"}],"wp:attachment":[{"href":"https:\/\/effe.ch\/de\/wp-json\/wp\/v2\/media?parent=1132"}],"wp:term":[{"taxonomy":"portfolio_category","embeddable":true,"href":"https:\/\/effe.ch\/de\/wp-json\/wp\/v2\/portfolio_category?post=1132"},{"taxonomy":"portfolio_skills","embeddable":true,"href":"https:\/\/effe.ch\/de\/wp-json\/wp\/v2\/portfolio_skills?post=1132"},{"taxonomy":"portfolio_tags","embeddable":true,"href":"https:\/\/effe.ch\/de\/wp-json\/wp\/v2\/portfolio_tags?post=1132"}],"curies":[{"name":"wp","href":"https:\/\/api.w.org\/{rel}","templated":true}]}}

Femmes-Tische / Männer-Tische

<p><div class="fusion-fullwidth fullwidth-box fusion-builder-row-1 nonhundred-percent-fullwidth non-hundred-percent-height-scrolling fusion-equal-height-columns" style="--awb-background-position:left top;--awb-border-sizes-top:0px;--awb-border-sizes-bottom:0px;--awb-border-sizes-left:0px;--awb-border-sizes-right:0px;--awb-border-radius-top-left:0px;--awb-border-radius-top-right:0px;--awb-border-radius-bottom-right:0px;--awb-border-radius-bottom-left:0px;--awb-padding-top:20px;--awb-padding-bottom:20px;--awb-flex-wrap:wrap;" ><div class="fusion-builder-row fusion-row"><div class="fusion-layout-column fusion_builder_column fusion-builder-column-0 fusion_builder_column_2_5 2_5 fusion-two-fifth fusion-column-first" style="--awb-bg-size:cover;width:37.6%; margin-right: 4%;"><div class="fusion-column-wrapper fusion-flex-column-wrapper-legacy"><div class="fusion-column-content-centered"><div class="fusion-column-content"><div class="fusion-image-element in-legacy-container" style="--awb-caption-title-font-family:var(--h2_typography-font-family);--awb-caption-title-font-weight:var(--h2_typography-font-weight);--awb-caption-title-font-style:var(--h2_typography-font-style);--awb-caption-title-size:var(--h2_typography-font-size);--awb-caption-title-transform:var(--h2_typography-text-transform);--awb-caption-title-line-height:var(--h2_typography-line-height);--awb-caption-title-letter-spacing:var(--h2_typography-letter-spacing);"><span class=" fusion-imageframe imageframe-none imageframe-1 hover-type-zoomin"><a href="https://effe.ch/wp-content/uploads/2016/04/Femmes-Tische.jpg" class="fusion-lightbox" data-rel="iLightbox[7e726d6ca70e061efa3]" data-title="Femmes-Tische" title="Femmes-Tische"><img decoding="async" width="600" height="385" alt="Bild: Jeanne Chevalier" src="https://effe.ch/wp-content/uploads/2016/04/Femmes-Tische.jpg" class="img-responsive wp-image-1562" srcset="https://effe.ch/wp-content/uploads/2016/04/Femmes-Tische-200x128.jpg 200w, https://effe.ch/wp-content/uploads/2016/04/Femmes-Tische-400x257.jpg 400w, https://effe.ch/wp-content/uploads/2016/04/Femmes-Tische.jpg 600w" sizes="(max-width: 800px) 100vw, 600px" /></a></span></div></div></div><div class="fusion-clearfix"></div></div></div><div class="fusion-layout-column fusion_builder_column fusion-builder-column-1 fusion_builder_column_3_5 3_5 fusion-three-fifth fusion-column-last" style="--awb-padding-top:20px;--awb-padding-right:50px;--awb-padding-bottom:20px;--awb-padding-left:50px;--awb-bg-color:#ffffff;--awb-bg-color-hover:#ffffff;--awb-bg-size:cover;width:58.4%;"><div class="fusion-column-wrapper fusion-flex-column-wrapper-legacy"><div class="fusion-column-content-centered"><div class="fusion-column-content"><div class="fusion-title title fusion-title-1 fusion-title-text fusion-title-size-three"><h3 class="fusion-title-heading title-heading-left" style="margin:0;"><span class="hideportfolio">Femmes-Tische / Männer-Tische</span></h3><span class="awb-title-spacer"></span><div class="title-sep-container"><div class="title-sep sep-single sep-solid" style="border-color:#e0dede;"></div></div></div><div class="fusion-text fusion-text-1"><p>Ein Präventions- und Gesundheitsförderungsprogramm mit dem Ziel, Personen mit Migrationserfahrung in Biel und Nidau bei ihrer Integration zu unterstützen. <em>effe</em> bietet Femmes-Tische seit 2006 und Männer-Tische seit 2020.</p>
</div></div></div><div class="fusion-clearfix"></div></div></div></div></div><div class="fusion-fullwidth fullwidth-box fusion-builder-row-2 hundred-percent-fullwidth non-hundred-percent-height-scrolling" style="--awb-border-radius-top-left:0px;--awb-border-radius-top-right:0px;--awb-border-radius-bottom-right:0px;--awb-border-radius-bottom-left:0px;--awb-overflow:visible;--awb-flex-wrap:wrap;" ><div class="fusion-builder-row fusion-row"><div class="fusion-layout-column fusion_builder_column fusion-builder-column-2 fusion_builder_column_1_2 1_2 fusion-one-half fusion-column-first fusion-column-no-min-height" style="--awb-bg-size:cover;--awb-margin-bottom:0px;width:48%; margin-right: 4%;"><div class="fusion-column-wrapper fusion-flex-column-wrapper-legacy"><div class="fusion-title title fusion-title-2 fusion-title-text fusion-title-size-three"><h3 class="fusion-title-heading title-heading-left" style="margin:0;">Ziele</h3><span class="awb-title-spacer"></span><div class="title-sep-container"><div class="title-sep sep-single sep-solid" style="border-color:#e0dede;"></div></div></div><div class="fusion-text fusion-text-2"><ul>
<li>Femmes-Tische/Männer-Tische trägt entscheidend zum Empowerment und zur Integration der MigrantInnen und ihrer Familien in Biel bei.</li>
<li>Das Angebot vermittelt den teilnehmenden Personen praktisches Wissen zu Gesundheits- und Erziehungsthemen und fördert so das Verständnis und die Bewältigung des (Familien-) Alltags.</li>
<li>Zusätzlich zur Diskussion der Themen werden die Personen über die bestehenden Angebote, z.B. für Familien und Kinder (Mütter- und Väterberatung, Beratung auf der Berufsinformationsstelle, Famiplus, Sprachkurse, &#8230;) informiert und ermutigt, diese Regelstrukturen zu nutzen.</li>
</ul>
</div><div class="fusion-title title fusion-title-3 fusion-title-text fusion-title-size-three"><h3 class="fusion-title-heading title-heading-left" style="margin:0;">Sprachen</h3><span class="awb-title-spacer"></span><div class="title-sep-container"><div class="title-sep sep-single sep-solid" style="border-color:#e0dede;"></div></div></div><div class="fusion-text fusion-text-3"><p>Amharisch, Arabisch,  Deutsch, Englisch, Französisch, Kabyè, Persisch (Dari, Farsi), Portugiesisch, Spanisch, Tamilisch, Tigrinja, Tigre, Türkisch, etc.</p>
</div><div class="fusion-title title fusion-title-4 fusion-title-text fusion-title-size-three"><h3 class="fusion-title-heading title-heading-left" style="margin:0;">Themen</h3><span class="awb-title-spacer"></span><div class="title-sep-container"><div class="title-sep sep-single sep-solid" style="border-color:#e0dede;"></div></div></div><div class="fusion-text fusion-text-4"><p>Verschiedene Themen im Bereit Frühförderung und Erziehung, Gesundheit und Alltag in der Schweiz.</p>
</div><div class="fusion-title title fusion-title-5 fusion-title-text fusion-title-size-three"><h3 class="fusion-title-heading title-heading-left" style="margin:0;">Artikel in der Presse</h3><span class="awb-title-spacer"></span><div class="title-sep-container"><div class="title-sep sep-single sep-solid" style="border-color:#e0dede;"></div></div></div><div class="fusion-text fusion-text-5"><p><a href="https://effe.ch/wp-content/uploads/2016/03/artikel_ft_sofia_bieler_tagblatt_montag-12.07.2021.pdf" target="_blank" rel="noopener">« Die Männer wollen sich austauschen »</a>, Bieler Tagblatt, 12.07.2021<br />
<a href="https://effe.ch/wp-content/uploads/2016/03/bt_2021-03-10_m%C3%A4nner-tische.pdf" target="_blank" rel="noopener">« Ich willfür andere Eritreerinnen ein Vorbild sein »</a>, Bieler Tagblatt, 10.03.2021</p>
</div><div class="fusion-clearfix"></div></div></div><div class="fusion-layout-column fusion_builder_column fusion-builder-column-3 fusion_builder_column_1_2 1_2 fusion-one-half fusion-column-last fusion-column-no-min-height" style="--awb-bg-size:cover;--awb-margin-bottom:0px;width:48%;"><div class="fusion-column-wrapper fusion-flex-column-wrapper-legacy"><div class="fusion-title title fusion-title-6 fusion-title-text fusion-title-size-three"><h3 class="fusion-title-heading title-heading-left" style="margin:0;">Weiterführende Informationen:</h3><span class="awb-title-spacer"></span><div class="title-sep-container"><div class="title-sep sep-single sep-solid" style="border-color:#e0dede;"></div></div></div><div class="fusion-text fusion-text-6"><h3>Kontakt</h3>
<p>Kennen Sie eine Person, die dieses Angebot nutzen möchte? Bitte schicken Sie Name, gesprochene Sprache(n) und Telefonnummer dieser Person.<br />
Eine gleichsprachige Moderatorin/Moderator wird in der Folge Kontakt mit der Person aufnehmen.</p>
</div><div class="fusion-text fusion-text-7"><h3>Projektverantwortliche</h3>
<p>Manuela Heé<br />
<a href="mailto:manuela.hee@effe.ch">Mail</a><br />
032 322 66 02 oder 076 289 43 39 (nur WhatsApp)</p>
<p>Femmes-Tische wird unterstützt vom Kanton Bern, der Stadt Biel, der Gemeinde Nidau, von der Burgergemeinde Bern sowie von privaten Geldgebern.</p>
</div><div class="fusion-image-element in-legacy-container" style="--awb-caption-title-font-family:var(--h2_typography-font-family);--awb-caption-title-font-weight:var(--h2_typography-font-weight);--awb-caption-title-font-style:var(--h2_typography-font-style);--awb-caption-title-size:var(--h2_typography-font-size);--awb-caption-title-transform:var(--h2_typography-text-transform);--awb-caption-title-line-height:var(--h2_typography-line-height);--awb-caption-title-letter-spacing:var(--h2_typography-letter-spacing);"><span class=" fusion-imageframe imageframe-none imageframe-2 hover-type-none"><img decoding="async" width="150" height="56" title="BGB_Logo_Screen_S" src="https://effe.ch/wp-content/uploads/2023/04/BGB_Logo_Screen_S-pdf-150x56.jpg" alt class="img-responsive wp-image-12348"/></span></div><div class="fusion-sep-clear"></div><div class="fusion-separator fusion-full-width-sep" style="margin-left: auto;margin-right: auto;margin-bottom:20px;width:100%;"><div class="fusion-separator-border sep-single" style="--awb-height:20px;--awb-amount:20px;border-color:#e0dede;border-top-width:1px;"></div></div><div class="fusion-sep-clear"></div><div class="fusion-title title fusion-title-7 fusion-title-text fusion-title-size-three"><h3 class="fusion-title-heading title-heading-left" style="margin:0;"><p>Wir suchen neue Moderierende für Femmes-Tische / Männertische!<br />
<a href="https://effe.ch/wp-content/uploads/2016/04/23_Suche_Mod_f_m_dt_frz-copie.pdf">23_Flyer</a></p></h3><span class="awb-title-spacer"></span><div class="title-sep-container"><div class="title-sep sep-single sep-solid" style="border-color:#e0dede;"></div></div></div><div class="fusion-text fusion-text-8"><p>Link zu <a href="http://femmestische.ch/">Femmes-Tische Schweiz</a></p>
</div><div class="fusion-video fusion-youtube" style="--awb-max-width:600px;--awb-max-height:350px;"><div class="video-shortcode"><div class="fluid-width-video-wrapper" style="padding-top:58.33%;" ><iframe title="YouTube video player 1" src="https://www.youtube.com/embed/XoZBEMpDPOg?wmode=transparent&autoplay=0" width="600" height="350" allowfullscreen allow="autoplay; fullscreen"></iframe></div></div></div><div class="fusion-clearfix"></div></div></div></div></div></p>
